2, what is 9a143 - -7b?
9a202
In base 9, what is -465 + 16731?
16255
In base 11, what is -3 - 3659992?
-3659995
In base 14, what is 4b0 - -2d2a?
33da
In base 5, what is -22402 + -2311221?
-2334123
In base 16, what is 15c4d + -2f?
15c1e
In base 8, what is 12514360 + 10?
12514370
In base 16, what is -872472c - -1?
-872472b
In base 5, what is 23010 - 42413213?
-42340203
In base 2, what is -1001010 - 1011010101010010011000?
-1011010101010011100010
In base 16, what is 1 - -136d482?
136d483
In base 16, what is -27d8 + 2cc?
-250c
In base 7, what is 3 - 106102636?
-106102633
In base 12, what is 1a72248 - 6?
1a72242
In base 6, what is -2205453 - 23?
-2205520
In base 7, what is 4606231 - 3?
4606225
In base 14, what is -3737b + 113?
-37268
In base 13, what is 63304 + 37?
6333b
In base 2, what is 11001 + 10100011101110100110110?
10100011101110101001111
In base 7, what is -334 - 40313240?
-40313604
In base 13, what is ba - 343a8?
-342bb
In base 6, what is -215300 + -41?
-215341
In base 10, what is 0 - -3199581?
3199581
In base 15, what is -623d97 - 2?
-623d99
In base 9, what is 8681 + -122?
8558
In base 10, what is 43419 - -298?
43717
In base 6, what is -12 + -354141204?
-354141220
In base 3, what is 2112010020011002 - 201?
2112010020010101
In base 12, what is 1ab02ba - -9?
1ab0307
In base 3, what is -2121 + -200210022111?
-200210102002
In base 6, what is 1 + 454321123?
454321124
In base 5, what is -224 - 34312002?
-34312231
In base 6, what is -12 + -3521410?
-3521422
In base 5, what is -1030 + -11011110?
-11012140
In base 6, what is 131 - 210345135?
-210345004
In base 6, what is -11454251 - -154?
-11454053
In base 2, what is -100010 + -1010010110010010010111011?
-1010010110010010011011101
In base 13, what is 1158 - 15684?
-14529
In base 15, what is 48a9dc8 - -5?
48a9dcd
In base 16, what is 2363 - -3b0?
2713
In base 11, what is -39 + -119784?
-119812
In base 6, what is 35030130 + -3235?
35022451
In base 6, what is -21142202 - -15?
-21142143
In base 4, what is 130 + -10333212113?
-10333211323
In base 15, what is -b634a + -12?
-b635c
In base 7, what is -33012222 + 24?
-33012165
In base 10, what is 27 + -843390?
-843363
In base 6, what is 115413 + -452?
114521
In base 6, what is -12231 + -11020?
-23251
In base 11, what is -50661558 - -4?
-50661554
In base 4, what is 20023 + -3110033300?
-3110013211
In base 8, what is -25 - -7333421?
7333374
In base 14, what is -52dbc8a + -11?
-52dbc9b
In base 14, what is 22 - -1acb00?
1acb22
In base 12, what is -25573b30 - -a?
-25573b22
In base 5, what is 10332 - 4202110?
-4141223
In base 5, what is -11311233400 - 4?
-11311233404
In base 9, what is -63454 - 38?
-63503
In base 15, what is -2a + 352ac?
35282
In base 14, what is -29a16 + -37?
-29a4d
In base 13, what is 18cc - -806?
2405
In base 15, what is c + -b489b?
-b488e
In base 9, what is 1448 - 2484?
-1035
In base 7, what is -12340206 + 1204?
-12336002
In base 13, what is -b4699 + -9?
-b46a5
In base 13, what is 1 + -533c00?
-533bcc
In base 9, what is -33 + 44872056?
44872023
In base 3, what is 1220021021002 + -121?
1220021020111
In base 14, what is 0 - -2127471?
2127471
In base 7, what is 5031 - 631046?
-623015
In base 4, what is 2232331012 - 31?
2232330321
In base 14, what is -a3c - -259?
-7c3
In base 3, what is 1 + 2012210201110?
2012210201111
In base 2, what is 110 - -10001111101101100100001?
10001111101101100100111
In base 13, what is 9146 - 4b?
90c8
In base 13, what is -7 + -3b7874a3?
-3b7874aa
In base 3, what is -10122221101 - -20122?
-10122200202
In base 16, what is 42 + -dbca?
-db88
In base 7, what is -1 - -31046361?
31046360
In base 3, what is -120 - 201001222211020?
-201001222211210
In base 12, what is 1 - -32776b6?
32776b7
In base 4, what is -11 + 11012300300300?
11012300300223
In base 16, what is -3 - 6246d5?
-6246d8
In base 6, what is -12042300050 + 5?
-12042300041
In base 5, what is -14032314301 + 40?
-14032314211
In base 15, what is -52e44 + -37?
-52e7b
In base 16, what is 74 - 10eaf3?
-10ea7f
In base 4, what is -100023 + 1101221310?
1101121221
In base 10, what is 459 + -18189?
-17730
In base 3, what is -2000200121210212 + 2?
-2000200121210210
In base 15, what is -3947 - 95e?
-43a6
In base 16, what is 1748 + -6798?
-5050
In base 13, what is 24 + 18c208?
18c22c
In base 10, what is -19 - -90716?
90697
In base 6, what is -3042335252 + -1?
-3042335253
In base 15, what is -145387 - -3b?
-14534b
In base 7, what is 132561 + -125663?
3565
In base 13, what is -1020a6 - -a?
-102099
In base 4, what is -121320220322 - 10?
-121320220332
In base 10, what is -110 + 33761?
33651
In base 4, what is -3020023310 + -10121?
-3020100031
In base 14, what is 1c75 - -7697?
952c
In base 15, what is -7 + e316a6?
e3169e
In base 12, what is 102 + 14a53?
14b55
In base 2, what is -10000 - 10101001011000111100?
-10101001011001001100
In base 7, what is -503432104 - 4?
-503432111
In base 14, what is -5 + c4dcd?
c4dc8
In base 15, what is 12 + 7a5ae?
7a5c1
In base 10, what is -12448 - 43?
-12491
In base 6, what is -3531152 - -1113?
-3530035
In base 8, what is -22347737 - 411?
-22350350
In base 11, what is 11a773927 - -4?
11a773930
In base 13, what is -20 + 244a?
242a
In base 15, what is 302dcc + -1?
302dcb
In base 13, what is 3 - -1325472?
1325475
In base 11, what is 5974989 + 5?
5974993
In base 13, what is 14a39 + -a09?
14030
In base 12, what is 14a70b83 + -1?
14a70b82
In base 15, what is 29ca - -216?
2be1
In base 14, what is -705 + -9438?
-9b3d
In base 12, what is -31224 - -2a?
-311b6
In base 11, what is 3 - 342970?
-342968
In base 8, what is -6 + 157150251?
157150243
In base 14, what is -114dca - -635?
-114795
In base 16, what is -25e83a - -3?
-25e837
In base 12, what is -4 + -1560517?
-156051b
In base 4, what is 2331 + -30330202?
-30321211
In base 12, what is 37910 + 297?
37ba7
In base 11, what is -1 - 161a77?
-161a78
In base 7, what is -4126 - -4250313?
4243154
In base 7, what is -35551601235 - 5?
-35551601243
In base 10, what is 53 + 1074664?
1074717
In base 9, what is 5 + 140382265?
140382271
In base 9, what is 874014 + -72?
873832
In base 7, what is -66513300 - 5?
-66513305
In base 4, what is -1010113 - -33032101?
32021322
In base 15, what is -e39853 + -5?
-e39858
In base 3, what is 12102000221 - 1021?
12101222200
In base 15, what is 3d6 - -706a?
7451
In base 3, what is -1212210 - -10201000122?
10122010212
In base 4, what is 2210001 + -13022313?
-10212312
In base 13, what is 1221ab4 + 63?
1221b47
In base 15, what is 1d + 69148?
69166
In base 7, what is -1022 + 132641?
131616
In base 13, what is -5 + -1b2b16?
-1b2b1b
In base 11, what is 5 + 12a3539?
12a3543
In base 15, what is -1c491 + a?
-1c486
In base 13, what is 868 + 21044?
218ac
In base 5, what is 123304234 + 113?
123304402
In base 6, what is -523423325 + 0?
-523423325
In base 8, what is -1 - 1032627?
-1032630
In base 9, what is -1743 + 761?
-872
In base 7, what is 24113102 + 1?
24113103
In base 4, what is 1110002 + -11120?
1032222
In base 7, what is -526033 + 221?
-525512
In base 15, what is 5 + dc9d55?
dc9d5a
In base 2, what is 11001100000101001010001 - -11?
11001100000101001010100
In base 6, what is -44304401 - -2?
-44304355
In base 15, what is 92 - -141e89?
14202b
In base 3, what is -10000222222022220 - -10?
-10000222222022210
In base 14, what is 595 - 16a89?
-164d4
In base 15, what is -429 + 1582?
1158
In base 11, what is 2 + 19a126a?
19a1271
In base 2, what is 1011000 - 101010110010001?
-101010100111001
In base 15, what is 34c5b6b - 0?
34c5b6b
In base 3, what is -1 - 20210012201102?
-20210012201110
In base 11, what is -281 - -1481595?
1481314
In base 5, what is -2 - 42330324300?
-42330324302
In base 9, what is -1022 - 364374?
-365406
In base 9, what is 84886 + -41?
84845
In base 9, what is 123 - 30658?
-30535
In base 12, what is 201728a + -5?
2017285
In base 7, what is -22 + 65456?
65434
In base 14, what is -bd34c9 - -5?
-bd34c4
In base 15, what is -49 + -20e20?
-20e69
In base 16, what is 2312 + 5e?
2370
In base 10, what is 27 + -554142?
-554115
In base 2, what is -10010 + 101101010010001011000111?
101101010010001010110101
In base 9, what is -3 - 1653145?
-1653148
In base 15, what is -10a22 + 1eb?
-10826
In base 6, what is 4 - 11345325513?
-11345325505
In base 14, what is -58864c72 - -5?
-58864c6b
In base 11, what is 226